 -3*m(v) - w(v). What is the remainder when k is divided by f(-3)?
18
Let v(w) = -3*w**2 + 57*w - 44. Let x(q) = 3*q**2 + q. Calculate the remainder when v(18) is divided by x(1).
2
Let c(x) = -2*x**2 + 19*x + 7. Suppose -5*b = -3*z - 916, 0 = b - 0*z + z - 180. Calculate the remainder when b is divided by c(2).
34
Calculate the remainder when (((-13776)/20)/(-6))/((-6)/(-15)) is divided by 18.
17
Let x(s) = -2*s - 35. Let d be x(-16). Let u be (10/(-4))/((-3)/12). Let n = d + u. Calculate the remainder when n is divided by 5.
2
Let g(s) = -s**3 - 3*s**2 + 8*s + 6. Let w = -6715 - -6721. What is the remainder when g(-5) is divided by w?
4
Suppose -3902 + 950 = -9*t. What is the remainder when t is divided by 7?
6
Suppose -g + 22 = g. Let u(z) = -89*z + 4. Calculate the remainder when g is divided by u(0).
3
Suppose 74 = 5*m - 3*w, m - 10*w - 6 = -5*w. Calculate the remainder when m is divided by 5.
1
Let a(o) = o**2 - 7*o + 5. Let i be a(7). Suppose 4*q = 19 - 3, i*m - q - 251 = 0. Let s(d) = d + 7. What is the remainder when m is divided by s(6)?
12
Suppose 2*g - q + 50 = 6*g, 5*g + 5*q = 55. Suppose -8*n + g*n = 70. What is the remainder when 79 is divided by n?
9
Suppose -5*p + 122 = 2*m, 3*m = 2*p + 3 + 142. What is the remainder when 88 is divided by m?
37
Let m(v) = 2*v**3 + 4*v**2 - v. Calculate the remainder when m(2) is divided by 11.
8
Suppose -5*r = -3*z - 0*r + 32, -5*z - r + 100 = 0. Let y = -303 - -337. Calculate the remainder when y is divided by z.
15
Let d = 677 + -665. What is the remainder when 825 is divided by d?
9
Suppose 4*d + 84 - 300 = 0. Let k = -3 - -15. Let s = 26 - k. What is the remainder when d is divided by s?
12
Let o = 151 + -138. What is the remainder when 532 is divided by o?
12
Suppose -8*h = -2*h - 396. What is the remainder when 261 is divided by h?
63
Let d = -509 + 548. What is the remainder when 103 is divided by d?
25
Suppose 2*r + v = 24 + 68, -138 = -3*r - 4*v. Let l(g) be the second derivative of g**3/6 + 43*g**2/2 - 7*g. What is the remainder when r is divided by l(-31)?
10
Let v = 29 - 13. Let q(j) = 16*j**2 - j. What is the remainder when q(2) is divided by v?
14
Suppose -6*j = -2*j + 112. Let o = -4 - j. Let k = -6 + o. What is the remainder when 51 is divided by k?
15
Let i be (2/5)/(12/720). Suppose -2*u = -0*u - i. Calculate the remainder when u is divided by 2/5 + 33/5.
5
Let b = -5 + 5. Suppose s = -3*u - b - 1, u + 27 = 5*s. Suppose 0 = 3*t - s*k + 4*k - 91, -5*k + 103 = 3*t. Calculate the remainder when t is divided by 11.
9
Suppose -27*k + 1471 = -581. Calculate the remainder when 151 is divided by k.
75
Let p = 31 + -20. Let t be (16/20)/(2/(-120)). Let q = 91 + t. What is the remainder when q is divided by p?
10
Let w(s) = -3*s + 3. Let f be (-8)/(-12)*18/(-4). What is the remainder when 2/(-8) - 282/(-8) is divided by w(f)?
11
Let g(v) = v**2 + 2*v + 7. Let k(q) = -2*q + 6. Let o be k(5). What is the remainder when 57 is divided by g(o)?
12
Suppose 2*i = -2*d + d - 5, 5 = -3*d - 4*i. Let z = 4 - 8. What is the remainder when ((-13)/2 - -2)*z is divided by d?
3
Suppose 4*g + 36 - 6 = 2*b, -3*b + 37 = 2*g. Calculate the remainder when 38 is divided by b.
12
Suppose -19 = 3*l + 89. Let w = -20 - l. Suppose -c + 26 = x - 2*x, 105 = 4*c - 3*x. Calculate the remainder when c is divided by w.
11
Suppose o + o = 4*j + 14, 0 = -2*o + 2*j + 16. Let m = 9 - 7. Suppose -m*h + 89 = 21. What is the remainder when h is divided by o?
7
Let f be 105/(-10)*60/(-7). Let w = -62 + f. What is the remainder when 81 is divided by w?
25
Let g(d) = 2*d**2 - 4*d - 8. Let m be g(-3). Suppose 3*o - 242 = m. Calculate the remainder when o is divided by 13.
10
Suppose 0 = -30*v + 39*v - 342. What is the remainder when v is divided by 7?
3
Let n(s) = -54*s - 61. What is the remainder when n(-7) is divided by 29?
27
Let r(v) be the second derivative of -5/2*v**2 + 0 - 3*v - 5/2*v**3. What is the remainder when r(-5) is divided by 24?
22
Let m(f) = f + 62. Calculate the remainder when 65 is divided by m(-25).
28
Suppose m + 17 = 5. Let p(i) be the third derivative of -i**5/60 - 13*i**4/24 + 17*i**3/6 + 2*i**2. Calculate the remainder when p(m) is divided by 8.
5
Suppose 0 = -s - 35 + 42. What is the remainder when 202 is divided by s?
6
Let a(q) = 4*q + 33. What is the remainder when a(10) is divided by 27?
19
Suppose 0 = -0*h - 8*h + 360. Suppose -4*k + h = -55. What is the remainder when 97 is divided by k?
22
Suppose -5*s - s + 78 = 0. Calculate the remainder when 62 is divided by (-130)/(-6) + s/39.
18
Let x = 0 + 1. Suppose -x + 12 = z. Calculate the remainder when 120/6 + 0 + 1 is divided by z.
10
Let i(w) = w**2 + 14*w + 17. Let r be i(-14). Suppose -r = -2*p + 13. Calculate the remainder when 50 is divided by p.
5
Let x = 36303 + -36187. Suppose 2*u + 3*v - 45 = -0*u, 3*u - 65 = -4*v. What is the remainder when x is divided by u?
11
Let w = 120 - 116. Let s = w + 52. What is the remainder when s is divided by 31?
25
Let y = 9567 - 9557. Suppose -2*p - 40 = -2*i + 2*p, 5*i - 156 = -4*p. Calculate the remainder when i is divided by y.
8
Let x(s) = 10*s**2 - 23*s + 28. Calculate the remainder when 278 is divided by x(4).
86
Let o(f) = 4*f**3 + f**2 - 2*f + 2. Let w be o(1). Suppose -w*m + 21 = -124. What is the remainder when m is divided by 8?
5
Suppose 3*s - 3 = 0, -j + 2*s + 12 = -260. Let m = j + -160. What is the remainder when m is divided by 23?
22
Let f(k) = 0*k - 2*k + 3*k + k + 4. What is the remainder when f(5) is divided by 5?
4
Let v(x) = 3*x - 7 + 2*x + x**2 - 2*x. What is the remainder when 42 is divided by v(3)?
9
What is the remainder when 8/(-14) - 7/(-98)*1058 is divided by 29?
17
Let n(o) = -3*o + 8. Let c = -2 + 5. Let m be n(c). Calculate the remainder when 1 + -4 - (-80 - m) is divided by 26.
24
Suppose -63 = -3*v - 0*v. Let j = -50 - -112. What is the remainder when j is divided by v?
20
Let w(x) = -x**3 + 38*x**2 - 36*x - 32. What is the remainder when 47 is divided by w(37)?
2
Let n(u) = u**2 + 29*u + 238. Calculate the remainder when 108 is divided by n(-14).
24
Let g(k) = 2*k**2 + 5*k + 2. Calculate the remainder when ((-72)/20)/(1/(-5)) is divided by g(-3).
3
Suppose -3*p - 64 = -5*k, 0 = 3*p + 5 + 4. What is the remainder when 18 is divided by k?
7
Suppose -3*p = -3*y + 996, 8 = -2*y - 5*p + 651. What is the remainder when y is divided by 107?
8
Suppose 36 = 15*q + 6. Let v = 2 + 4. Calculate the remainder when 3 - -3*v/9 is divided by q.
1
Let r(f) = -f**3 + 7*f**2 + 6*f - 3. Let t be r(8). Let p = -9 - t. Calculate the remainder when 16 is divided by p.
6
Let f = 6373 - 6338. Calculate the remainder when f is divided by 6/4*(13 - -1).
14
Suppose -16 = -4*g + 2*c + c, 0 = 3*g - 2*c - 12. Calculate the remainder when 182 is divided by g.
2
Let w be (1 - (-1 + 40))/(-2). Suppose 119 = 2*l - w. Calculate the remainder when l is divided by 35.
34
Suppose -3*b + 85 = 2*b. Suppose 15 = t - b. Suppose u - 113 = -t. What is the remainder when u is divided by 21?
18
Let d = -20 + 23. Suppose -n + 2*n = 11. What is the remainder when n is divided by d?
2
Let v = -121 + 85. What is the remainder when v/24*(-44)/3 is divided by 12?
10
What is the remainder when 212 is divided by ((-1)/(-8))/(82/30832)?
24
Let v = -2640 - -2655. Let s(z) = -z**3 - 7*z**2 - 6*z + 6. Suppose -g - 3*g = 24. Calculate the remainder when v is divided by s(g).
3
Let i(g) = 4*g + 6. Let r = -13 - -11. Let f be i(r). Calculate the remainder when 44 is divided by (315/6)/(-7)*f.
14
What is the remainder when 129 is divided by 41/2*(7 - (-6 + 11))?
6
Calculate the remainder when 84 is divided by (-2 + 4)/(26/286).
18
Suppose 2*q - 59 = -a, -2*a = 3*q - 2*q - 112. Suppose -8*r - 4*k = -3*r - 85, 0 = 5*r - 2*k - a. What is the remainder when 22 is divided by r?
9
Let y = 15 + 15. Let x be (-4)/(-6) + 75/9. Calculate the remainder when y is divided by 94/6 - (-3)/x.
14
Suppose -n = -4*n - 297. Calculate the remainder when (0 - (n + 0)) + 0 is divided by (-4)/(-6) - (-73)/3.
24
Suppose 0 = -s - 5*c + 46, 2*c - c - 5 = 0. What is the remainder when 186 is divided by s?
18
Let g(q) = -15*q. Let p be g(-1). Suppose -5*b + 9 = 2*x - p, 4*b - 43 = -3*x. Suppose 31*v = 34*v - 30. What is the remainder when x is divided by v?